63888870?
True
Does 18 divide 1995511580?
False
Does 64 divide 287706859?
False
Is 9776370 a multiple of 15?
True
Is 461392437 a multiple of 11?
True
Is 7 a factor of 27545660?
False
Does 17 divide 295089485?
True
Is 386 a factor of 151202180?
False
Is 50 a factor of 1111327?
False
Is 124038068 a multiple of 31?
True
Does 2428 divide 976837816?
True
Is 55717271 a multiple of 1160?
False
Is 532 a factor of 50140004?
False
Does 34 divide 103071204?
True
Is 64252224 a multiple of 2888?
True
Is 57 a factor of 824894723?
False
Does 70 divide 12889450?
True
Is 13 a factor of 72697163?
False
Is 6786525 a multiple of 23?
False
Is 1243898992 a multiple of 532?
True
Is 827957034 a multiple of 41?
True
Is 20 a factor of 2714366?
False
Is 61 a factor of 102610286?
False
Does 23 divide 5430143051?
False
Is 88 a factor of 35062104?
True
Is 174144845 a multiple of 1046?
False
Does 10 divide 3006840?
True
Does 3610 divide 11415056?
False
Is 16026705 a multiple of 435?
True
Is 2282547762 a multiple of 11?
True
Is 446981354 a multiple of 223?
False
Does 16 divide 69179247?
False
Is 19921680 a multiple of 20?
True
Does 10 divide 40774823?
False
Is 1207157 a multiple of 41?
False
Is 1382 a factor of 8071026?
False
Is 47797424 a multiple of 172?
True
Is 8 a factor of 3323960008?
True
Is 14 a factor of 84943796?
True
Is 1417 a factor of 79921634?
True
Is 155 a factor of 920484828?
False
Is 1273 a factor of 5535004?
True
Is 688167831 a multiple of 12856?
False
Is 6 a factor of 217686?
True
Is 20 a factor of 93550573?
False
Is 958007562 a multiple of 51?
True
Does 3 divide 34956252?
True
Does 1085 divide 277327085?
True
Is 50739028 a multiple of 37?
False
Is 38 a factor of 91848273?
False
Is 346 a factor of 5046064?
True
Is 13448427 a multiple of 214?
False
Is 13898537 a multiple of 54?
False
Does 70 divide 33620635?
False
Is 190248293 a multiple of 130?
False
Does 25 divide 33600063?
False
Is 45343743 a multiple of 29?
False
Does 27 divide 19568223?
True
Does 159 divide 96689478?
False
Is 83 a factor of 2999006630?
True
Does 1328 divide 462432312?
False
Does 105 divide 2898217?
False
Is 36 a factor of 142505532?
True
Is 156971635 a multiple of 4313?
True
Is 3 a factor of 95754874?
False
Is 83123859 a multiple of 7?
True
Does 3361 divide 815279043?
False
Is 2806968965 a multiple of 4615?
False
Is 1326 a factor of 36593701?
False
Is 23 a factor of 15497680?
False
Is 38528212 a multiple of 124?
False
Does 55 divide 83381870?
True
Does 347 divide 828211272?
True
Does 18 divide 28727982?
True
Does 53 divide 1134167405?
True
Is 4309580 a multiple of 22?
True
Is 43275533 a multiple of 259?
True
Is 562525970 a multiple of 95?
True
Is 15 a factor of 27530400?
True
Does 697 divide 1168627?
False
Is 460 a factor of 1471267908?
False
Is 10 a factor of 44695202?
False
Is 560 a factor of 180404307?
False
Is 257106579 a multiple of 45?
False
Is 52 a factor of 132390306?
False
Is 2351888 a multiple of 39?
False
Does 3388 divide 289189516?
True
Does 96 divide 49951776?
True
Is 2826604200 a multiple of 2765?
True
Does 828 divide 188078544?
True
Is 127572478 a multiple of 12?
False
Does 17 divide 41653842?
True
Does 198 divide 531978935?
False
Does 187 divide 151773379?
False
Is 65977050 a multiple of 50?
True
Is 314033796 a multiple of 18?
True
Does 1354 divide 32293831?
False
Does 55 divide 606722109?
False
Does 19 divide 16265472?
False
Is 1826667 a multiple of 153?
True
Is 11235210 a multiple of 1470?
True
Is 138 a factor of 301518955?
False
Is 1134927040 a multiple of 9685?
True
Is 13 a factor of 109000609?
False
Does 1267 divide 35863702?
True
Is 201 a factor of 23673780?
True
Is 8457 a factor of 3120723902?
False
Is 44 a factor of 1917169160?
False
Does 16 divide 877200?
True
Does 467 divide 2239265?
True
Does 29 divide 4276669904?
True
Is 1284 a factor of 59867901?
False
Is 146 a factor of 44439918?
True
Is 10 a factor of 66266390?
True
Is 359988525 a multiple of 207?
True
Does 452 divide 130391280?
False
Is 1438529412 a multiple of 1032?
False
Is 11673550 a multiple of 716?
False
Is 86545919 a multiple of 61?
False
Does 923 divide 794586439?
False
Does 748 divide 24952846?
False
Is 3397 a factor of 150647579?
False
Does 58 divide 362073410?
True
Does 25 divide 15327376?
False
Is 54 a factor of 2345086188?
True
Does 100 divide 10699700?
True
Does 4920 divide 172883880?
True
Does 15 divide 175167390?
True
Is 24739280 a multiple of 4?
True
Is 135520209 a multiple of 137?
False
Is 35 a factor of 1216943436?
False
Is 225850646 a multiple of 7?
True
Is 3 a factor of 15594403?
False
Is 11397 a factor of 5463220332?
True
Is 938 a factor of 14007911?
False
Is 6024715 a multiple of 319?
False
Is 26 a factor of 55765866?
True
Does 204 divide 416875?
False
Is 225 a factor of 60007074?
False
Does 1858 divide 112160637?
False
Is 65 a factor of 24342418?
False
Is 771 a factor of 18367709?
False
Is 3 a factor of 1134644810?
False
Is 3 a factor of 297986117?
False
Is 366598772 a multiple of 229?
True
Does 99 divide 191322945?
True
Does 16 divide 4643953020?
False
Is 260947216 a multiple of 19?
True
Is 136 a factor of 44265743?
False
Does 342 divide 322295859?
False
Is 116 a factor of 105244480?
True
Does 666 divide 28766640?
False
Does 981 divide 25263693?
True
Is 540 a factor of 22403520?
True
Is 31266438 a multiple of 42?
True
Does 37 divide 54639676?
True
Is 199 a factor of 283575?
True
Is 31884120 a multiple of 465?
True
Is 9 a factor of 4345642?
False
Does 10 divide 8654880?
True
Is 236 a factor of 1872106108?
True
Is 305064753 a multiple of 120?
False
Does 86 divide 3613257?
False
Is 25 a factor of 119376267?
False
Does 65 divide 19872685?
False
Does 81 divide 111023670?
False
Is 39 a factor of 530010?
True
Is 182 a factor of 755173160?
False
Does 974 divide 1009012882?
False
Does 8 divide 214856654?
False
Is 580894818 a multiple of 181?
False
Is 1624 a factor of 223384448?
True
Does 448 divide 4818240?
True
Is 81898662 a multiple of 523?
True
Is 227806435 a multiple of 11?
False
Does 25 divide 58080925?
True
Is 173456910 a multiple of 15?
True
Is 572 a factor of 111041643?
False
Is 47434171 a multiple of 41?
True
Is 967276 a multiple of 22?
False
Is 397175625 a multiple of 495?
True
Does 1443 divide 61133984?
False
Is 17 a factor of 1504345997?
True
Does 46 divide 81761610?
False
Is 210259421 a multiple of 26?
False
Is 18 a factor of 4788180?
True
Is 2071 a factor of 59909536?
False
Does 3576 divide 40993086?
False
Does 29 divide 568185058?
False
Is 16 a factor of 576663840?
True
Does 112 divide 29178576?
True
Does 13 divide 2897808?
False
Is 147052221 a multiple of 11?
False
Is 295 a factor of 208339736?
False
Is 14 a factor of 1931342?
True
Is 3827408771 a multiple of 11565?
False
Is 16 a factor of 61252288?
True
Is 1122 a factor of 1095860?
False
Does 1229 divide 125525408?
False
Does 14 divide 3290070?
True
Is 627 a factor of 199284426?
True
Is 413 a factor of 1622549888?
False
Is 619 a factor of 48394039?
True
Is 17296523 a multiple of 948?
False
Is 1638 a factor of 19539702?
True
Is 657 a factor of 55717542?
True
Is 167 a factor of 120708936?
True
Is 7 a factor of 14315945?
True
Is 85834501 a multiple of 2771?
False
Is 244534090 a multiple of 970?
True
Does 135 divide 1366400311?
False
Is 16532880 a multiple of 104?
True
Is 166 a factor of 278143396?
False
Does 949 divide 10678529?
False
Does 674 divide 954406199?
False
Is 119 a factor of 21926583?
True
Does 148 divide 189489728?
True
Is 40781406 a multiple of 112?
False
Is 144447998 a multiple of 62?
False
Does 762 divide 1193454557?
False
Is 131844744 a multiple of 604?
True
Is 57 a factor of 231060789?
False
Is 1414406653 a multiple of 3567?
False
Is 19420692 a multiple of 88?
False
Is 168 a factor of 2075710896?
True
Is 2027809456 a multiple of 252?
False
Is 1642296121 a multiple of 9887?
False
Is 848 a factor of 193211072?
False
Is 5781968 a multiple of 16?
True
Does 26 divide 31711628?
True
Is 752757213 a multiple of 130?
False
Is 1934793 a multiple of 353?
True
Is 955196456 a multiple of 3939?
False
Is 139912467 a multiple of 554?
False
Is 4 a factor of 4430755?
False
Is 351 a factor of 518917347?
True
Is 24 a factor of 353390184?
True
Does 7792 divide 147453717?
False
Does 657 divide 2639471220?
True
Does 7 divide 51